{"id":10166,"date":"2020-01-13T17:10:29","date_gmt":"2020-01-13T15:10:29","guid":{"rendered":"https:\/\/skaut.ee\/aasta-skaudijuhid-labi-aegade\/"},"modified":"2026-01-27T15:52:18","modified_gmt":"2026-01-27T13:52:18","slug":"aasta-skaudijuhid-labi-aegade","status":"publish","type":"page","link":"https:\/\/skaut.ee\/en\/aasta-skaudijuhid-labi-aegade\/","title":{"rendered":"Aasta Skaudijuhid l\u00e4bi aegade"},"content":{"rendered":"\n<p class=\"has-normal-font-size\"><strong> Varasemalt on Aasta Skaudijuhi tiitli p\u00e4lvinud: <\/strong><\/p>\n\n\n\n<p>2006 &#8211; Remi Neitsov (L\u00e4\u00e4ne Skautide Malev) (v\u00e4lja antud 2007 kevad)<\/p>\n\n\n\n<p>2007 &#8211; Liina Land (Tartumaa Skautide ja Gaidide Malev) (v\u00e4lja antud 2008 kevad)<\/p>\n\n\n\n<p>2008 &#8211; Andres Lillem\u00e4gi (Rakvere Skaudid) (v\u00e4lja antud 2009 kevad)<\/p>\n\n\n\n<p>2009 &#8211; Monika Ojala (Okaskannel) (v\u00e4lja antud 2010 kevad)<\/p>\n\n\n\n<p>2010 &#8211; Katrin Bach (Raasiku) (v\u00e4lja antud 2011 kevad)<\/p>\n\n\n\n<p>2011 &#8211; Karolin Lillem\u00e4e (\u00d6koskaudid) (v\u00e4lja antud 2012 kevad)<\/p>\n\n\n\n<p>2012 &#8211; Sirje Pool (Tormilind) (v\u00e4lja antud 2013 kevad)<\/p>\n\n\n\n<p>2013 &#8211; Jelena Guk (Saturn) (v\u00e4lja antud 2014 kevad)<\/p>\n\n\n\n<p>2014 &#8211; Sander Lillem\u00e4e (\u00d6koskaudid) (v\u00e4lja antud 2015 kevad)<\/p>\n\n\n\n<p>2015 &#8211; Deivis Treier (\u00d6koskaudid) (v\u00e4lja antud 2016 kevad)<\/p>\n\n\n\n<p>2016 &#8211; Marianne Kask (Okaskannel) (v\u00e4lja antud 207 kevad)<\/p>\n\n\n\n<p>2017 &#8211; Maimu N\u00f5mmik (Tormilind) (v\u00e4lja antud 2018 kevad)<\/p>\n\n\n\n<p>2018 &#8211; Jaan Silvet (Tormilind) (v\u00e4lja antud 2019 kevad)<\/p>\n\n\n\n<p>2019 &#8211; Ene-Ly Lehtmaa (Soorebased) (v\u00e4lja antud 2020 kevad)<\/p>\n\n\n\n<p>2020 &#8211; Meelis Zujev (Keila Pantrid) (v\u00e4lja antud 2021 s\u00fcgis)<\/p>\n\n\n\n<p>2021 &#8211; Georgi Lugovskoi (Saturn) (v\u00e4lja antud 2022 s\u00fcgis)<\/p>\n\n\n\n<p>2022 &#8211; Helen Hiiem\u00e4e (Tormilind) (v\u00e4lja antud 2023 s\u00fcgis)<\/p>\n\n\n\n<p>2023 &#8211; Marjette Slabina (\u00d6koskaudid) (v\u00e4lja antud 2024 s\u00fcgis)<\/p>\n\n\n\n<p>2024 &#8211; Ott Pruulmann (TSGM Ilves) (v\u00e4lja antud 2025 s\u00fcgis)<\/p>\n","protected":false},"excerpt":{"rendered":"<p>Varasemalt on Aasta Skaudijuhi tiitli p\u00e4lvinud: 2006 &#8211; Remi Neitsov (L\u00e4\u00e4ne Skautide Malev) (v\u00e4lja antud 2007 kevad) 2007 &#8211; Liina&#8230;<\/p>\n","protected":false},"author":1,"featured_media":0,"parent":0,"menu_order":0,"comment_status":"closed","ping_status":"closed","template":"","meta":{"_acf_changed":false,"inline_featured_image":false,"_monsterinsights_skip_tracking":false,"_monsterinsights_sitenote_active":false,"_monsterinsights_sitenote_note":"","_monsterinsights_sitenote_category":0,"cybocfi_hide_featured_image":"","footnotes":"","_links_to":"","_links_to_target":""},"class_list":["post-10166","page","type-page","status-publish","hentry"],"acf":[],"yoast_head":"<!-- This site is optimized with the Yoast SEO plugin v27.0 - https:\/\/yoast.com\/product\/yoast-seo-wordpress\/ -->\n<title>Aasta Skaudijuhid l\u00e4bi aegade - Skaut<\/title>\n<meta name=\"robots\" content=\"index, follow, max-snippet:-1, max-image-preview:large, max-video-preview:-1\" \/>\n<link rel=\"canonical\" href=\"https:\/\/skaut.ee\/en\/aasta-skaudijuhid-labi-aegade\/\" \/>\n<meta property=\"og:locale\" content=\"en_US\" \/>\n<meta property=\"og:type\" content=\"article\" \/>\n<meta property=\"og:title\" content=\"Aasta Skaudijuhid l\u00e4bi aegade - Skaut\" \/>\n<meta property=\"og:description\" content=\"Varasemalt on Aasta Skaudijuhi tiitli p\u00e4lvinud: 2006 &#8211; Remi Neitsov (L\u00e4\u00e4ne Skautide Malev) (v\u00e4lja antud 2007 kevad) 2007 &#8211; Liina...\" \/>\n<meta property=\"og:url\" content=\"https:\/\/skaut.ee\/en\/aasta-skaudijuhid-labi-aegade\/\" \/>\n<meta property=\"og:site_name\" content=\"Skaut\" \/>\n<meta property=\"article:modified_time\" content=\"2026-01-27T13:52:18+00:00\" \/>\n<meta name=\"twitter:card\" content=\"summary_large_image\" \/>\n<meta name=\"twitter:label1\" content=\"Est. reading time\" \/>\n\t<meta name=\"twitter:data1\" content=\"1 minute\" \/>\n<script type=\"application\/ld+json\" class=\"yoast-schema-graph\">{\"@context\":\"https:\/\/schema.org\",\"@graph\":[{\"@type\":\"WebPage\",\"@id\":\"https:\/\/skaut.ee\/en\/aasta-skaudijuhid-labi-aegade\/\",\"url\":\"https:\/\/skaut.ee\/en\/aasta-skaudijuhid-labi-aegade\/\",\"name\":\"Aasta Skaudijuhid l\u00e4bi aegade - Skaut\",\"isPartOf\":{\"@id\":\"https:\/\/skaut.ee\/#website\"},\"datePublished\":\"2020-01-13T15:10:29+00:00\",\"dateModified\":\"2026-01-27T13:52:18+00:00\",\"breadcrumb\":{\"@id\":\"https:\/\/skaut.ee\/en\/aasta-skaudijuhid-labi-aegade\/#breadcrumb\"},\"inLanguage\":\"en-US\",\"potentialAction\":[{\"@type\":\"ReadAction\",\"target\":[\"https:\/\/skaut.ee\/en\/aasta-skaudijuhid-labi-aegade\/\"]}]},{\"@type\":\"BreadcrumbList\",\"@id\":\"https:\/\/skaut.ee\/en\/aasta-skaudijuhid-labi-aegade\/#breadcrumb\",\"itemListElement\":[{\"@type\":\"ListItem\",\"position\":1,\"name\":\"Home\",\"item\":\"https:\/\/skaut.ee\/en\/\"},{\"@type\":\"ListItem\",\"position\":2,\"name\":\"Aasta Skaudijuhid l\u00e4bi aegade\"}]},{\"@type\":\"WebSite\",\"@id\":\"https:\/\/skaut.ee\/#website\",\"url\":\"https:\/\/skaut.ee\/\",\"name\":\"Skaut\",\"description\":\"Eesti Skautide \u00dchingu koduleht\",\"potentialAction\":[{\"@type\":\"SearchAction\",\"target\":{\"@type\":\"EntryPoint\",\"urlTemplate\":\"https:\/\/skaut.ee\/?s={search_term_string}\"},\"query-input\":{\"@type\":\"PropertyValueSpecification\",\"valueRequired\":true,\"valueName\":\"search_term_string\"}}],\"inLanguage\":\"en-US\"}]}<\/script>\n<!-- \/ Yoast SEO plugin. -->","yoast_head_json":{"title":"Aasta Skaudijuhid l\u00e4bi aegade - Skaut","robots":{"index":"index","follow":"follow","max-snippet":"max-snippet:-1","max-image-preview":"max-image-preview:large","max-video-preview":"max-video-preview:-1"},"canonical":"https:\/\/skaut.ee\/en\/aasta-skaudijuhid-labi-aegade\/","og_locale":"en_US","og_type":"article","og_title":"Aasta Skaudijuhid l\u00e4bi aegade - Skaut","og_description":"Varasemalt on Aasta Skaudijuhi tiitli p\u00e4lvinud: 2006 &#8211; Remi Neitsov (L\u00e4\u00e4ne Skautide Malev) (v\u00e4lja antud 2007 kevad) 2007 &#8211; Liina...","og_url":"https:\/\/skaut.ee\/en\/aasta-skaudijuhid-labi-aegade\/","og_site_name":"Skaut","article_modified_time":"2026-01-27T13:52:18+00:00","twitter_card":"summary_large_image","twitter_misc":{"Est. reading time":"1 minute"},"schema":{"@context":"https:\/\/schema.org","@graph":[{"@type":"WebPage","@id":"https:\/\/skaut.ee\/en\/aasta-skaudijuhid-labi-aegade\/","url":"https:\/\/skaut.ee\/en\/aasta-skaudijuhid-labi-aegade\/","name":"Aasta Skaudijuhid l\u00e4bi aegade - Skaut","isPartOf":{"@id":"https:\/\/skaut.ee\/#website"},"datePublished":"2020-01-13T15:10:29+00:00","dateModified":"2026-01-27T13:52:18+00:00","breadcrumb":{"@id":"https:\/\/skaut.ee\/en\/aasta-skaudijuhid-labi-aegade\/#breadcrumb"},"inLanguage":"en-US","potentialAction":[{"@type":"ReadAction","target":["https:\/\/skaut.ee\/en\/aasta-skaudijuhid-labi-aegade\/"]}]},{"@type":"BreadcrumbList","@id":"https:\/\/skaut.ee\/en\/aasta-skaudijuhid-labi-aegade\/#breadcrumb","itemListElement":[{"@type":"ListItem","position":1,"name":"Home","item":"https:\/\/skaut.ee\/en\/"},{"@type":"ListItem","position":2,"name":"Aasta Skaudijuhid l\u00e4bi aegade"}]},{"@type":"WebSite","@id":"https:\/\/skaut.ee\/#website","url":"https:\/\/skaut.ee\/","name":"Skaut","description":"Eesti Skautide \u00dchingu koduleht","potentialAction":[{"@type":"SearchAction","target":{"@type":"EntryPoint","urlTemplate":"https:\/\/skaut.ee\/?s={search_term_string}"},"query-input":{"@type":"PropertyValueSpecification","valueRequired":true,"valueName":"search_term_string"}}],"inLanguage":"en-US"}]}},"_links":{"self":[{"href":"https:\/\/skaut.ee\/en\/wp-json\/wp\/v2\/pages\/10166","targetHints":{"allow":["GET"]}}],"collection":[{"href":"https:\/\/skaut.ee\/en\/wp-json\/wp\/v2\/pages"}],"about":[{"href":"https:\/\/skaut.ee\/en\/wp-json\/wp\/v2\/types\/page"}],"author":[{"embeddable":true,"href":"https:\/\/skaut.ee\/en\/wp-json\/wp\/v2\/users\/1"}],"replies":[{"embeddable":true,"href":"https:\/\/skaut.ee\/en\/wp-json\/wp\/v2\/comments?post=10166"}],"version-history":[{"count":3,"href":"https:\/\/skaut.ee\/en\/wp-json\/wp\/v2\/pages\/10166\/revisions"}],"predecessor-version":[{"id":15214,"href":"https:\/\/skaut.ee\/en\/wp-json\/wp\/v2\/pages\/10166\/revisions\/15214"}],"wp:attachment":[{"href":"https:\/\/skaut.ee\/en\/wp-json\/wp\/v2\/media?parent=10166"}],"curies":[{"name":"wp","href":"https:\/\/api.w.org\/{rel}","templated":true}]}}

Aasta Skaudijuhid läbi aegade

<p class="has-normal-font-size"><strong> Varasemalt on Aasta Skaudijuhi tiitli pälvinud: </strong></p>



<p>2006 &#8211; Remi Neitsov (Lääne Skautide Malev) (välja antud 2007 kevad)</p>



<p>2007 &#8211; Liina Land (Tartumaa Skautide ja Gaidide Malev) (välja antud 2008 kevad)</p>



<p>2008 &#8211; Andres Lillemägi (Rakvere Skaudid) (välja antud 2009 kevad)</p>



<p>2009 &#8211; Monika Ojala (Okaskannel) (välja antud 2010 kevad)</p>



<p>2010 &#8211; Katrin Bach (Raasiku) (välja antud 2011 kevad)</p>



<p>2011 &#8211; Karolin Lillemäe (Ökoskaudid) (välja antud 2012 kevad)</p>



<p>2012 &#8211; Sirje Pool (Tormilind) (välja antud 2013 kevad)</p>



<p>2013 &#8211; Jelena Guk (Saturn) (välja antud 2014 kevad)</p>



<p>2014 &#8211; Sander Lillemäe (Ökoskaudid) (välja antud 2015 kevad)</p>



<p>2015 &#8211; Deivis Treier (Ökoskaudid) (välja antud 2016 kevad)</p>



<p>2016 &#8211; Marianne Kask (Okaskannel) (välja antud 207 kevad)</p>



<p>2017 &#8211; Maimu Nõmmik (Tormilind) (välja antud 2018 kevad)</p>



<p>2018 &#8211; Jaan Silvet (Tormilind) (välja antud 2019 kevad)</p>



<p>2019 &#8211; Ene-Ly Lehtmaa (Soorebased) (välja antud 2020 kevad)</p>



<p>2020 &#8211; Meelis Zujev (Keila Pantrid) (välja antud 2021 sügis)</p>



<p>2021 &#8211; Georgi Lugovskoi (Saturn) (välja antud 2022 sügis)</p>



<p>2022 &#8211; Helen Hiiemäe (Tormilind) (välja antud 2023 sügis)</p>



<p>2023 &#8211; Marjette Slabina (Ökoskaudid) (välja antud 2024 sügis)</p>



<p>2024 &#8211; Ott Pruulmann (TSGM Ilves) (välja antud 2025 sügis)</p>

<p>Varasemalt on Aasta Skaudijuhi tiitli pälvinud: 2006 &#8211; Remi Neitsov (Lääne Skautide Malev) (välja antud 2007 kevad) 2007 &#8211; Liina&#8230;</p>

<!-- This site is optimized with the Yoast SEO plugin v27.0 - https://yoast.com/product/yoast-seo-wordpress/ -->
<title>Aasta Skaudijuhid läbi aegade - Skaut</title>
<meta name="robots" content="index, follow, max-snippet:-1, max-image-preview:large, max-video-preview:-1" />
<link rel="canonical" href="https://skaut.ee/en/aasta-skaudijuhid-labi-aegade/" />
<meta property="og:locale" content="en_US" />
<meta property="og:type" content="article" />
<meta property="og:title" content="Aasta Skaudijuhid läbi aegade - Skaut" />
<meta property="og:description" content="Varasemalt on Aasta Skaudijuhi tiitli pälvinud: 2006 &#8211; Remi Neitsov (Lääne Skautide Malev) (välja antud 2007 kevad) 2007 &#8211; Liina..." />
<meta property="og:url" content="https://skaut.ee/en/aasta-skaudijuhid-labi-aegade/" />
<meta property="og:site_name" content="Skaut" />
<meta property="article:modified_time" content="2026-01-27T13:52:18+00:00" />
<meta name="twitter:card" content="summary_large_image" />
<meta name="twitter:label1" content="Est. reading time" />
	<meta name="twitter:data1" content="1 minute" />
<script type="application/ld+json" class="yoast-schema-graph">{"@context":"https://schema.org","@graph":[{"@type":"WebPage","@id":"https://skaut.ee/en/aasta-skaudijuhid-labi-aegade/","url":"https://skaut.ee/en/aasta-skaudijuhid-labi-aegade/","name":"Aasta Skaudijuhid läbi aegade - Skaut","isPartOf":{"@id":"https://skaut.ee/#website"},"datePublished":"2020-01-13T15:10:29+00:00","dateModified":"2026-01-27T13:52:18+00:00","breadcrumb":{"@id":"https://skaut.ee/en/aasta-skaudijuhid-labi-aegade/#breadcrumb"},"inLanguage":"en-US","potentialAction":[{"@type":"ReadAction","target":["https://skaut.ee/en/aasta-skaudijuhid-labi-aegade/"]}]},{"@type":"BreadcrumbList","@id":"https://skaut.ee/en/aasta-skaudijuhid-labi-aegade/#breadcrumb","itemListElement":[{"@type":"ListItem","position":1,"name":"Home","item":"https://skaut.ee/en/"},{"@type":"ListItem","position":2,"name":"Aasta Skaudijuhid läbi aegade"}]},{"@type":"WebSite","@id":"https://skaut.ee/#website","url":"https://skaut.ee/","name":"Skaut","description":"Eesti Skautide Ühingu koduleht","potentialAction":[{"@type":"SearchAction","target":{"@type":"EntryPoint","urlTemplate":"https://skaut.ee/?s={search_term_string}"},"query-input":{"@type":"PropertyValueSpecification","valueRequired":true,"valueName":"search_term_string"}}],"inLanguage":"en-US"}]}</script>
<!-- / Yoast SEO plugin. -->

Aasta Skaudijuhid läbi aegade - Skaut

Varasemalt on Aasta Skaudijuhi tiitli pälvinud: 2006 &#8211; Remi Neitsov (Lääne Skautide Malev) (välja antud 2007 kevad) 2007 &#8211; Liina...

Eesti Skautide Ühingu koduleht
